y 13.
8
Calculate the remainder when 2094 is divided by 30.
24
Calculate the remainder when 82 is divided by 43.
39
What is the remainder when 10490 is divided by 25?
15
Calculate the remainder when 8224 is divided by 121.
117
What is the remainder when 176 is divided by 36?
32
What is the remainder when 20 is divided by 4?
0
What is the remainder when 1121 is divided by 549?
23
Calculate the remainder when 139 is divided by 29.
23
What is the remainder when 3844 is divided by 43?
17
Calculate the remainder when 94 is divided by 42.
10
What is the remainder when 200 is divided by 103?
97
Calculate the remainder when 3291 is divided by 36.
15
Calculate the remainder when 2227 is divided by 24.
19
Calculate the remainder when 110 is divided by 26.
6
What is the remainder when 485 is divided by 56?
37
What is the remainder when 6112 is divided by 197?
5
Calculate the remainder when 497 is divided by 102.
89
Calculate the remainder when 9448 is divided by 35.
33
Calculate the remainder when 146 is divided by 88.
58
Calculate the remainder when 84 is divided by 29.
26
Calculate the remainder when 3105 is divided by 17.
11
Calculate the remainder when 214 is divided by 57.
43
What is the remainder when 1504 is divided by 54?
46
What is the remainder when 1871 is divided by 163?
78
Calculate the remainder when 29 is divided by 6.
5
What is the remainder when 38 is divided by 13?
12
Calculate the remainder when 77 is divided by 4.
1
Calculate the remainder when 377 is divided by 122.
11
What is the remainder when 44 is divided by 32?
12
Calculate the remainder when 7358 is divided by 40.
38
Calculate the remainder when 1535 is divided by 48.
47
What is the remainder when 1532 is divided by 17?
2
What is the remainder when 516 is divided by 30?
6
Calculate the remainder when 466 is divided by 115.
6
Calculate the remainder when 2320 is divided by 602.
514
What is the remainder when 502 is divided by 42?
40
What is the remainder when 158 is divided by 44?
26
What is the remainder when 110 is divided by 30?
20
Calculate the remainder when 186 is divided by 54.
24
What is the remainder when 41 is divided by 23?
18
Calculate the remainder when 1073 is divided by 23.
15
Calculate the remainder when 116 is divided by 28.
4
Calculate the remainder when 234 is divided by 67.
33
What is the remainder when 162 is divided by 23?
1
Calculate the remainder when 335 is divided by 296.
39
What is the remainder when 276 is divided by 73?
57
What is the remainder when 813 is divided by 102?
99
Calculate the remainder when 2937 is divided by 17.
13
What is the remainder when 44 is divided by 37?
7
What is the remainder when 7787 is divided by 11?
10
Calculate the remainder when 245 is divided by 28.
21
Calculate the remainder when 139 is divided by 26.
9
Calculate the remainder when 319 is divided by 64.
63
Calculate the remainder when 165 is divided by 100.
65
Calculate the remainder when 25 is divided by 13.
12
What is the remainder when 143 is divided by 12?
11
What is the remainder when 245 is divided by 35?
0
Calculate the remainder when 186 is divided by 27.
24
What is the remainder when 3464 is divided by 105?
104
What is the remainder when 4952 is divided by 619?
0
What is the remainder when 1066 is divided by 70?
16
What is the remainder when 462 is divided by 56?
14
Calculate the remainder when 602 is divided by 38.
32
What is the remainder when 265 is divided by 120?
25
What is the remainder when 72 is divided by 44?
28
Calculate the remainder when 468 is divided by 42.
6
Calculate the remainder when 1590 is divided by 275.
215
Calculate the remainder when 186 is divided by 63.
60
What is the remainder when 436 is divided by 55?
51
What is the remainder when 328 is divided by 15?
13
Calculate the remainder when 815 is divided by 38.
17
What is the remainder when 157 is divided by 62?
33
What is the remainder when 1792 is divided by 165?
142
Calculate the remainder when 1689 is divided by 16.
9
Calculate the remainder when 206 is divided by 16.
14
Calculate the remainder when 3592 is divided by 20.
12
What is the remainder when 167 is divided by 82?
3
Calculate the remainder when 2137 is divided by 706.
19
What is the remainder when 1870 is divided by 18?
16
What is the remainder when 294 is divided by 30?
24
Calculate the remainder when 259 is divided by 10.
9
Calculate the remainder when 404 is divided by 37.
34
Calculate the remainder when 414 is divided by 32.
30
Calculate the remainder when 51 is divided by 22.
7
Calculate the remainder when 209 is divided by 27.
20
What is the remainder when 269 is divided by 47?
34
Calculate the remainder when 1553 is divided by 15.
8
Calculate the remainder when 467 is divided by 47.
44
What is the remainder when 123 is divided by 16?
11
What is the remainder when 2922 is divided by 330?
282
What is the remainder when 36 is divided by 1?
0
Calculate the remainder when 200 is divided by 36.
20
Calculate the remainder when 2277 is divided by 43.
41
Calculate the remainder when 640 is divided by 15.
10
Calculate the remainder when 942 is divided by 453.
36
Calculate the remainder when 65 is divided by 20.
5
What is the remainder when 53 is divided by 33?
20
What is the remainder when 6101 is divided by 28?
25
What is the remainder when 176 is divided by 72?
32
Calculate the remainder when 653 is divided by 132.
125
What is the remainder when 19291 is divided by 59?
57
Calculate the remainder when 355 is divided by 73.
63
What is the remainder when 1614 is divided by 90?
84
What is the remainder when 528 is divided by 89?
83
What is the remainder when 329 is divided by 83?
80
What is the remainder when 10194 is divided by 99?
96
Calculate the remainder when 1252 is divided by 57.
55
Calculate the remainder when 12248 is divided by 35.
33
What is the remainder when 2564 is divided by 12?
8
Calculate the remainder when 1226 is divided by 15.
11
What is the remainder when 2173 is divided by 64?
61
What is the remainder when 27 is divided by 8?
3
Calculate the remainder when 966 is divided by 136.
14
Calculate the remainder when 772 is divided by 8.
4
Calculate the remainder when 886 is divided by 74.
72
Calculate the remainder when 52 is divided by 33.
19
Calculate the remainder when 246 is divided by 19.
18
Calculate the remainder when 3364 is divided by 78.
10
Calculate the remainder when 641 is divided by 46.
43
What is the remainder when 60 is divided by 53?
7
What is the remainder when 215 is divided by 7?
5
Calculate the remainder when 297 is divided by 57.
12
What is the remainder when 591 is divided by 60?
51
What is the remainder when 658 is divided by 324?
10
Calculate the remainder when 33 is divided by 3.
0
What is the remainder when 77 is divided by 20?
17
What is the remainder when 317 is divided by 6?
5
Calculate the remainder when 9954 is divided by 19.
17
What is the remainder when 52137 is divided by 44?
41
What is the remainder when 2214 is divided by 35?
9
Calculate the remainder when 1478 is divided by 57.
53
What is the remainder when 41 is divided by 14?
13
What is the remainder when 2113 is divided by 29?
25
Calculate the remainder when 21230 is divided by 63.
62
What is the remainder when 2835 is divided by 86?
83
Calculate the remainder when 746 is divided by 722.
24
What is the remainder when 92 is divided by 31?
30
Calculate the remainder when 1229 is divided by 20.
9
Calculate the remainder when 6254 is divided by 12.
2
Calculate the remainder when 1096 is divided by 62.
42
What is the remainder when 39162 is divided by 105?
102
What is the remainder when 637 is divided by 64?
61
Calculate the remainder when 269 is divided by 22.
5
What is the remainder when 54 is divided by 5?
4
What is the remainder when 52 is divided by 8?
4
Calculate the remainder when 5571 is divided by 96.
3
What is the remainder when 10741 is divided by 199?
194
Calculate the remainder when 1801 is divided by 438.
49
Calculate the remainder when 1759 is divided by 73.
7
What is the remainder when 624 is divided by 19?
16
What is the remainder when 2059 is divided by 226?
25
Calculate the remainder when 5630 is divided by 88.
86
Calculate the remainder when 24933 is divided by 337.
332
What is the remainder when 338 is 